a - 3. Suppose 3*c = 5 + 7. Let t be 1 + 2 + c + -1. Let l(h) = h. Let q be l(t). Calculate j(q).
-3
Let c(f) = 31*f**3 + 35*f**3 - 96*f**3 + 31*f**3 - 10*f**2 - 2*f + 4. Determine c(10).
-16
Let r = -7 - -8. Let v(h) = -2*h**2 - 6*h**3 + 2*h**3 - 5826 + 2916 + 2911. Give v(r).
-5
Let o be ((-13)/3)/((-1 - -7)/18). Let a(r) = -r**2 - 12*r + 5. Calculate a(o).
-8
Let x(g) be the second derivative of 1/2*g**3 - 17*g + 0*g**2 + 0. Determine x(4).
12
Let h(r) = -7*r + 28. Let l(w) = w**3 + 35*w**2 - 2*w - 64. Let p be l(-35). Give h(p).
-14
Let p(m) = -42 - 42 - m + 85. Let v(z) = -1. Let x(a) = -p(a) - v(a). Determine x(9).
9
Let c be (-1862)/(-418) + 6/11. Let z(m) = -m**3 + 5*m**2 - 4*m + 5. Give z(c).
-15
Let a(w) be the first derivative of w**3/3 + 5*w**2/2 + 3*w - 56. What is a(-4)?
-1
Let g(n) = 2*n + 2. Let m be g(0). Let l(r) = -7 - r**m + 7. Suppose 8*k - k - 7 = 0. Calculate l(k).
-1
Let w be (3/1)/((-4)/(-24)). Suppose 5*x - 2 - w = 0. Let u(a) = a - 8. Determine u(x).
-4
Let t be (-6)/2*-1 - 5. Let a(j) = -31*j + 9. Let n(z) = 13*z - 4. Let u(q) = -2*a(q) - 5*n(q). Determine u(t).
8
Suppose 39 - 15 = 3*y. Let v be ((-58)/5)/(-2) + y/40. Let u(r) = -3*r - 7. Give u(v).
-25
Let x(s) = s**3 + 11*s + 2 - 3 + 3*s - 5*s**2 - 9*s. Determine x(4).
3
Let g(f) be the first derivative of 3*f**2/2 + 4*f + 153. Calculate g(2).
10
Let n(z) = 2*z - 6. Let r(w) = -w**2 - 8*w - 10. Let j be r(-6). Suppose 0 = j*q - 13 + 3. Calculate n(q).
4
Let y(x) = -2*x**3 - 2 - 5*x**2 - 3 + x**3 + 6*x. Let f(i) = -4*i - 8. Let w be f(10). Let b be 294/w + 2/16. Give y(b).
-5
Let a(f) = -29 - 2*f + 66 - 52 - 2*f. Determine a(-5).
5
Let r(u) = 2*u + 6 - 3*u + 3. Suppose 19*s = 22*s - 21. Give r(s).
2
Suppose 5*m - 5*t - 10 = 0, m + t + 3 = -5. Let l(b) = -3*b + 25. Let j(q) = -2*q + 15. Let y(s) = 5*j(s) - 3*l(s). Determine y(m).
3
Let a(y) = 998*y**2 - 997*y**2 + 2*y + 13 - 3*y. Give a(0).
13
Let w(m) be the first derivative of -7*m**3/3 + m**2/2 + 2*m + 114. What is w(-2)?
-28
Let w(g) be the third derivative of -g**4/24 - g**3/2 - 4*g**2 + 33. Let i be 4/6*(-18)/(-4). Calculate w(i).
-6
Let w = 1 + 5. Suppose 0 = 7*l - w*l - 3. Let y(t) = -23*t + 18*t - t**2 + 7 + l. Calculate y(-7).
-4
Let g(y) = y**2 - 9*y + 16. Suppose 15*z - 19*z + 48 = 0. What is g(z)?
52
Let h(x) = -11*x - 2. Let u(n) = 39*n + 7. Let i(o) = 14*h(o) + 4*u(o). What is i(3)?
6
Let t(n) be the first derivative of -7/2*n**2 - 26 - 7*n - 1/3*n**3. What is t(-7)?
-7
Let b(w) = -w**3 - 6*w**2 - 6*w. Let f = -587 - -583. Calculate b(f).
-8
Let f be (2/(-3))/((-5)/30). Let q(s) = 5 + 4*s + s + f*s + 4. Let g(o) = 14*o + 14. Let k(a) = 5*g(a) - 8*q(a). Calculate k(-5).
8
Suppose -187*x = -20*x + 167. Let q(o) = -o. Let p(b) = 3*b. Let s(n) = -p(n) + 6*q(n). Determine s(x).
9
Let x(m) = -14*m - 30. Let v(j) = -5*j - 12. Let t(g) = 11*v(g) - 4*x(g). Give t(8).
-4
Let u = 10 - 7. Suppose -9 - 1 = -u*a - 4*x, -2*a - 2*x + 6 = 0. Let f(g) = 0*g**2 - 6*g**2 + 4*g**2 - a - g. Give f(-2).
-8
Let f(r) be the second derivative of -r**3/2 + r. Suppose 3 = x, -3*n + 2*n - 3*x = -46. Suppose -n*m = -35*m - 6. Determine f(m).
-9
Suppose -2*y = -4*h + 4, -2*y = 2*h - y - 6. Let q be h*(17/5 - (-24)/40). Let f(c) = c**3 - 9*c**2 + 8*c + 3. Calculate f(q).
3
Let a(q) = 5*q**2 + q - 1. Let v = 928 - 927. What is a(v)?
5
Let q(t) = -3*t**2 - 1. Let j(p) = p**3 + p - 1. Let h(l) = j(l) - q(l). Let v = -161 - -159. Give h(v).
2
Let m(k) be the second derivative of -20*k + 1/20*k**5 + 0 + 0*k**3 + 0*k**4 + 1/2*k**2. Determine m(2).
9
Let g(p) = -4 + p + 5 + 1. Let a = 113 + -55. Let w = a - 62. Give g(w).
-2
Let u(l) = -17*l**2 - 12*l + 10. Let y(t) = 14*t**2 + 11*t - 9. Let w(j) = -5*u(j) - 6*y(j). Let x(f) = f**2 - f - 1. Let h be x(3). Give w(h).
-1
Let l(d) be the first derivative of -d**2 + d + 74. Let z = -1 + -2. Calculate l(z).
7
Let f(z) = 5*z**2 - 36. Let v(n) = n**2 - 1. Let y(a) = -f(a) + 4*v(a). Let q(x) be the first derivative of y(x). Determine q(2).
-4
Let c(z) = -z**3 - 5*z**2 - 3*z - 4. Let k(w) = 4*w**3 - 2*w + 1. Let f be k(3). Let d = f + -106. Give c(d).
-13
Let i(h) be the second derivative of -h**5/20 - 5*h**4/12 - h**3/6 - h**2 + 235*h. Calculate i(-4).
-14
Let o(u) = -3*u**2 + 3*u - 2. Let f(i) = -i**2 - 6 + 13*i + 0 - 4. Let r be f(12). Give o(r).
-8
Suppose -4*l - 3*d + 27 = 0, l + 4*d - 8*d = 21. Let i(h) = h - 15. What is i(l)?
-6
Suppose 3*m = -5*m + 1016. Let y(d) be the first derivative of 138 + 3*d**2 - 6*d**2 - m. Calculate y(1).
-6
Let x(m) = m**2 - 2*m + 6. Let q(o) = -5*o**2 + 12*o - 32. Let l(k) = 2*q(k) + 11*x(k). Determine l(-2).
2
Let a(z) = -z - 7. Let s = 939 + -942. Calculate a(s).
-4
Let o(q) = q**3 + 173*q**2 - q + 162*q**2 + 4 - 334*q**2. Suppose 3*f = 4*f. What is o(f)?
4
Let i(s) be the third derivative of -s**4/12 - 2*s**3 - 3*s**2. Suppose 14*v - 12*v - h = -20, -3*h + 15 = -v. What is i(v)?
6
Suppose 6 + 0 = -2*s, 2*s = -r - 10. Let k be 3 - (2 - 0)/2. Let g(f) = -f**3 + 4*f + 40*f**k + 6 - 22*f**2 - 22*f**2. Calculate g(r).
-10
Let y(p) be the second derivative of -p**3/6 - p**2/2 - 25*p. Let i(n) = -7*n. Suppose 3*s + 2 = 5. Let q(o) = s*i(o) - 5*y(o). Give q(4).
-3
Let i(o) = 6*o**2 + 2*o + 2. Let x = -387 - -385. Calculate i(x).
22
Let t(u) = -u**2 + 8*u - 7. Let n be 1 + (1 - -2) + 1*3. Let b be t(n). Let l(q) be the first derivative of -q**2/2 + 12*q - 1. What is l(b)?
12
Let t(a) = -30 + 4*a**2 + 7*a - 4*a + 27. Give t(2).
19
Let n(r) = 7*r + 17. Let y(s) = -3 - 4*s - 20 + 14. Let q(c) = 3*n(c) + 5*y(c). Suppose -i + 5*i = 0. What is q(i)?
6
Let h be 36/7 + 5/(-35). Suppose 3*q - 3 = 3. Let n(x) = 5 - 7 - 5*x + x**q - 5. Give n(h).
-7
Let z(q) = 6*q**2 - 3 - 3*q**2 - q + 2. Let v(y) be the second derivative of -y**5/20 - y**4/3 - y**2/2 + 26*y. Let w be v(-4). What is z(w)?
3
Let u(f) = -20*f**3 + 4*f**2 - 2*f + 13. Let h(t) = -t**2 + t - 3. Let a(k) = -4*h(k) - u(k). Give a(-1).
-19
Let q(w) = w**2 - 11*w + 4. Suppose -t + 36*l + 1 = 41*l, t - 9 = -l. Calculate q(t).
4
Let q(a) = a**3 - 7*a**2 + 9. Let k(s) = s + 2. Let h(b) = -3*k(b) + q(b). Determine h(7).
-18
Let j(p) = -8*p**3 + 2*p**2 + p. Let y be j(-1). Suppose 1 = -4*w + y. Suppose -4 = -2*i + w. Let o(u) = u - 3. What is o(i)?
0
Let l(k) be the third derivative of -k**6/120 - k**5/12 + k**4/3 + 3*k**3/2 - 3*k**2 - 8. Suppose 18 = -3*d - 5*f, 3*d + 6*f + 18 = 5*f. What is l(d)?
-3
Let a be (-3 - -4) + (4 - 2)*-2. Let d(h) = 6*h**2 - h + 2. What is d(a)?
59
Let a(t) = -t**3 + 6*t**2 + 7*t. Let d = 1 - -31. Suppose -4 = 4*i - d. Determine a(i).
0
Suppose -2*l + 57 = -5*z, -8*z + 5*l = -5*z + 19. Let f(s) = -s + 17. Determine f(z).
30
Let t(i) be the first derivative of -2*i**2 + i - 35. Give t(1).
-3
Suppose -7*c + 155 = -13. Let n(u) = 4*u**3 + 18 - 3*u**3 + 4*u**2 - 5*u - c. What is n(-5)?
-6
Suppose 0 = -61*k + 60*k - 1. Let i(s) = -6*s**2 - 1. Give i(k).
-7
Let u(v) = 5 - 19 - v + 7 + 9. Let b(g) = g**2 - 7*g + 7. Let m be b(5). What is u(m)?
5
Let k(o) = -1 + 14*o**2 - 4*o**2 - 4*o + o**2 - 6*o**2. Calculate k(2).
11
Let f(l) = -2*l**3 - 2*l**2 + 2*l - 1. Let b be f(1). Let r(h) = -317*h**3 + 154*h**3 - 2 + 162*h**3 - h**2 + h. What is r(b)?
13
Let w(l) = -l**2 + 44*l + 1038. Let d be w(-17). Let z = -5 + 8. Let f(k) = -6*k**3 - k - k**z - 2*k**3. Give f(d).
-10
Let z(v) be the second derivative of -v**4/12 + v**3/3 + 3*v**2/2 - v. Suppose -38*m - 25 = -33*m - 5*r, 0 = 2*m - 4*r + 12. Give z(m).
-21
Let f(g) = -g**3 - 2*g**2 - 2*g + 1. Let c be f(-2). Let y(o) = -7*o**2 - 5*o**3 - o**3 - 6 + c*o**3 - 8*o. Suppose -8*x - 75 = -27. Calculate y(x).
6
Let g(o) = -7*o + 2. Let j(u) = -7*u + 2. Let r(z) = 7*g(z) - 6*j(z). Suppose 0 = 7963*c - 7955*c + 16. What is r(c)?
16
Let o(n) = -72*n**2 + 1 - 72*n**2 - 75*n**2 + 217*n**2 - 2*n. Determine o(2).
-11
Let d = -4 + 4. Suppose d = 6*a - a - 25. Let p(w) = -2*w**2 + 7*w + 1. Calculate p(a).
-14
Suppose -38*f + 116 = 2. Let h(p) = -p**3 + 4*p + 1. Calculate h(f).
-14
Let r(o) = -o**2 - 26*o - 55. Let t = -3019 + 2995. Give r(t).
-7
Let a be 1 - -4 - (1 + -1). Let p(v) = -2*v - 3*v + 4*v + a. Let d = -395 + 395. Calculate p(d).
5
Let w(v) = -v + 23. Suppose 18*g - 3 + 3 = 0. Determine w(g).
23
Let a(j) = j + 68 - 63 + 3*j + j. Let m be a(-2). Let q(p) = -p*